Dec 01 09:05:12.209 INFO testing mkatychev/aloxite against master#8940af3cea4a9a9deabcaf843b2f8cad9a83fc61 for beta-1.31-5
Dec 01 09:05:12.210 INFO running `"docker" "create" "-v" "/mnt/big/crater/work/local/target-dirs/beta-1.31-5/worker-6/master#8940af3cea4a9a9deabcaf843b2f8cad9a83fc61:/target:rw,Z" "-v" "/mnt/big/crater/work/local/test-source/worker-6/beta-1.31-5/master#8940af3cea4a9a9deabcaf843b2f8cad9a83fc61:/source:ro,Z" "-v" "/mnt/big/crater/work/local/cargo-home:/cargo-home:ro,Z" "-v" "/mnt/big/crater/work/local/rustup-home:/rustup-home:ro,Z" "-e" "USER_ID=1000" "-e" "SOURCE_DIR=/source" "-e" "USER_ID=1000" "-e" "CMD=cargo +8940af3cea4a9a9deabcaf843b2f8cad9a83fc61-alt build --frozen" "-e" "CARGO_TARGET_DIR=/target" "-e" "CARGO_INCREMENTAL=0" "-e" "RUST_BACKTRACE=full" "-e" "RUSTFLAGS=--cap-lints=warn" "-e" "CARGO_HOME=/cargo-home" "-e" "RUSTUP_HOME=/rustup-home" "-m" "1536M" "--network" "none" "crater"`
Dec 01 09:05:12.446 INFO [stdout] e576473876ffe15033555c9e131e8596a098df847d2eea18496a45cc43f5cd5e
Dec 01 09:05:12.448 INFO running `"docker" "start" "-a" "e576473876ffe15033555c9e131e8596a098df847d2eea18496a45cc43f5cd5e"`
Dec 01 09:05:12.985 INFO [stderr] usermod: no changes
Dec 01 09:05:13.012 INFO [stderr]    Compiling aloxite v0.1.0 (/source)
Dec 01 09:05:13.238 INFO [stderr] error[E0412]: cannot find type `Beacon` in this scope
Dec 01 09:05:13.238 INFO [stderr]   --> src/lib.rs:48:27
Dec 01 09:05:13.238 INFO [stderr]    |
Dec 01 09:05:13.238 INFO [stderr] 48 | pub fn search<'a>(beacon: Beacon, contents: &'a str) -> Vec<&'a str> {
Dec 01 09:05:13.238 INFO [stderr]    |                           ^^^^^^ not found in this scope
Dec 01 09:05:13.238 INFO [stderr] 
Dec 01 09:05:13.254 INFO [stderr] error[E0061]: this function takes 2 parameters but 3 parameters were supplied
Dec 01 09:05:13.254 INFO [stderr]   --> src/lib.rs:40:19
Dec 01 09:05:13.254 INFO [stderr]    |
Dec 01 09:05:13.254 INFO [stderr] 40 |     let results = search(&config.start, &config.stop, &contents);
Dec 01 09:05:13.254 INFO [stderr]    |                   ^^^^^^^^^^^^^^^^^^^^^^^^^^^^^^^^^^^^^^^^^^^^^^ expected 2 parameters
Dec 01 09:05:13.254 INFO [stderr] ...
Dec 01 09:05:13.254 INFO [stderr] 48 | pub fn search<'a>(beacon: Beacon, contents: &'a str) -> Vec<&'a str> {
Dec 01 09:05:13.254 INFO [stderr]    | -------------------------------------------------------------------- defined here
Dec 01 09:05:13.254 INFO [stderr] 
Dec 01 09:05:13.266 INFO [stderr] error[E0308]: mismatched types
Dec 01 09:05:13.266 INFO [stderr]   --> src/lib.rs:48:70
Dec 01 09:05:13.266 INFO [stderr]    |
Dec 01 09:05:13.266 INFO [stderr] 48 |   pub fn search<'a>(beacon: Beacon, contents: &'a str) -> Vec<&'a str> {
Dec 01 09:05:13.266 INFO [stderr]    |  ______________________________________________________________________^
Dec 01 09:05:13.266 INFO [stderr] 49 | |     //fn remingon(
Dec 01 09:05:13.266 INFO [stderr] 50 | |     let split = contents.chars();
Dec 01 09:05:13.266 INFO [stderr] 51 | |     //.flat_map(|line| line.split_whitespace())
Dec 01 09:05:13.266 INFO [stderr] 52 | |     //.batching(|it| Some(it.take(longest).map(|x| *x).collect::<Vec<&str>>()));
Dec 01 09:05:13.266 INFO [stderr] 53 | | }
Dec 01 09:05:13.266 INFO [stderr]    | |_^ expected struct `std::vec::Vec`, found ()
Dec 01 09:05:13.266 INFO [stderr]    |
Dec 01 09:05:13.266 INFO [stderr]    = note: expected type `std::vec::Vec<&'a str>`
Dec 01 09:05:13.267 INFO [stderr]               found type `()`
Dec 01 09:05:13.267 INFO [stderr] 
Dec 01 09:05:13.269 INFO [stderr] error: aborting due to 3 previous errors
Dec 01 09:05:13.269 INFO [stderr] 
Dec 01 09:05:13.269 INFO [stderr] Some errors occurred: E0061, E0308, E0412.
Dec 01 09:05:13.269 INFO [stderr] For more information about an error, try `rustc --explain E0061`.
Dec 01 09:05:13.275 INFO [stderr] error: Could not compile `aloxite`.
Dec 01 09:05:13.275 INFO [stderr] 
Dec 01 09:05:13.275 INFO [stderr] To learn more, run the command again with --verbose.
Dec 01 09:05:13.277 INFO [stderr] su: No module specific data is present
Dec 01 09:05:13.590 INFO running `"docker" "inspect" "e576473876ffe15033555c9e131e8596a098df847d2eea18496a45cc43f5cd5e"`
Dec 01 09:05:13.643 INFO running `"docker" "rm" "-f" "e576473876ffe15033555c9e131e8596a098df847d2eea18496a45cc43f5cd5e"`
Dec 01 09:05:13.730 INFO [stdout] e576473876ffe15033555c9e131e8596a098df847d2eea18496a45cc43f5cd5e
